tor of b?
True
Let l = 1209 + -609. Is l a multiple of 12?
True
Is 132 - ((0/4)/5)/(-3) a multiple of 14?
False
Is 102 - (81/45 - 1/(-5)) a multiple of 11?
False
Let s = 73 - 32. Suppose s*v - 43*v = -20. Is v a multiple of 5?
True
Let l(k) = -k**3 - 6*k**2 - 2*k + 12. Let p be (3 - 3/(-1))/(3/(-3)). Does 8 divide l(p)?
True
Let d(w) = w**2 - 10*w + 15. Is d(13) a multiple of 18?
True
Let m(k) = -k**2 - 1. Let w(i) = 2*i**2 + 1. Let f(y) = -3*m(y) - 2*w(y). Let v be f(-1). Suppose -2*z - 2*z + 36 = v. Is 2 a factor of z?
False
Let a = -401 - -481. Is 22 a factor of a?
False
Is (-7 + -2)/((-22)/198) a multiple of 30?
False
Let j(l) = 108*l + 191. Is 9 a factor of j(13)?
False
Suppose u - 114 = -25. Suppose 5*k + b - 78 - u = 0, -k = -b - 31. Is 9 a factor of k?
False
Suppose 0 = -35*h + 64 + 13796. Is h a multiple of 11?
True
Let i = 967 + -436. Is 19 a factor of i?
False
Let l(d) = -12*d**2 + 2*d + 5. Let q be l(7). Let x = -386 - q. Suppose 5*h = c + x, 0 = h - 2*c + 16 - 58. Does 12 divide h?
True
Let c = 2321 - 1441. Is 40 a factor of c?
True
Suppose 10214 = 19*o - 5043. Does 11 divide o?
True
Let g = 101 + 565. Is g a multiple of 20?
False
Suppose -5*f + 10*f = 0, 3*u + 3*f - 324 = 0. Does 12 divide u?
True
Let y(s) = -119*s - 480. Is 12 a factor of y(-20)?
False
Let x = 556 + -124. Suppose -2*p + 113 = m, 4*m + 2*p + 2*p - x = 0. Is 18 a factor of m?
False
Let u be (-1904)/(-24) - 4/(-6). Let p = u - 57. Is p a multiple of 8?
False
Let b = 43 + -33. Let q = 11 + -6. Does 9 divide 91/q - 2/b?
True
Suppose 24 = 3*u + f, 2*u - 5*f + 21 = 6*u. Let v = 15 - u. Does 31 divide (-16)/v*(-372)/16?
True
Suppose 30*u = -27*u + 70167. Is 23 a factor of u?
False
Suppose 2*u - 3*x - 7361 = 0, 4 = -x + 3. Is 43 a factor of u?
False
Suppose 0 = -16*d - 227 + 1123. Is 4 a factor of d?
True
Suppose 2*r - 23*y + 20*y = 235, 4*r - 445 = y. Is 18 a factor of r?
False
Suppose 4*r = -2*f + 6 + 10, 3*r + 4*f = 12. Suppose -5*t + 470 = -r*j, 2*j - 4*j + 10 = 0. Suppose -p + 19 = 5*d - 44, -2*p + 4*d = -t. Is p a multiple of 25?
False
Suppose 0 = 2*g - 65 - 3. Is 12 a factor of g?
False
Suppose 2*d = -4*l + l + 10, -4*l + 10 = d. Suppose -d*r - 3*r = -15. Suppose -3*m + 130 = -s - 4, 0 = -2*m - r*s + 93. Is 11 a factor of m?
False
Let z = -2250 + 2282. Does 7 divide z?
False
Suppose 12 = 5*k - 2*k. Suppose 0*z - 182 = -2*x + 2*z, 4*x - 340 = -k*z. Suppose -36 - x = -2*r. Does 31 divide r?
True
Let n be 4 + -3 + 3 - 6/3. Suppose n*q - 99 = 4*l + l, -3*l = -3. Does 26 divide q?
True
Is 18 a factor of (8073/156)/((-3)/(-32))?
False
Let k(r) = r**3 - 14*r**2 + 15*r - 23. Let p be (-2)/6 - 400/(-30). Let f be k(p). Suppose 0 = -f*z - 72 + 228. Does 31 divide z?
False
Is 6 a factor of 10/30 - 56/(-3)?
False
Suppose 315 = -4*v + 9*v. Let m = v + -43. Is m a multiple of 8?
False
Suppose -4*j + 5*s = -2*j - 780, -5*j = 2*s - 2008. Is j a multiple of 8?
True
Let i be (-37)/(-2)*(-7)/((-14)/20). Let h = i - 71. Does 38 divide h?
True
Let u(n) be the second derivative of -n**3/3 + 13*n**2/2 + 10*n. Does 19 divide u(-5)?
False
Let l(z) = -z**2 + z - 6. Let a be l(0). Does 2 divide 16 + (6/4)/(a/8)?
True
Let h = -460 - -604. Does 12 divide h?
True
Let d(z) = 9*z**2 - 4*z + 6. Let u be d(3). Let f = -46 + u. Is 22 a factor of f?
False
Suppose -113*t - 3690 = -115*t. Does 9 divide t?
True
Is 15 a factor of (16920/(-48))/((-3)/6)?
True
Suppose 0 = -0*u - 4*u - 16, w = -3*u + 119. Is w a multiple of 12?
False
Suppose -5*j - 3*d + 21 = -d, -3*j + 5*d = -25. Let o be j/(-2)*8/(-10). Suppose o*z = 5*k - 3*z - 195, 5*k = -4*z + 222. Is k a multiple of 11?
False
Suppose -34*l = 17052 - 52786. Is l a multiple of 69?
False
Let o = -844 - -1724. Is o a multiple of 80?
True
Suppose 4*u + 30 = -2046. Let j = 813 + u. Suppose -5*z + j = -2*s, 0 = 2*z + s - 155 + 32. Is 12 a factor of z?
True
Suppose 3*d - 14 = -y, 3*d = y - d + 14. Suppose -y*z - 3*c + 423 = z, 4*z = 4*c + 556. Is z a multiple of 47?
False
Is 2*(65/10)/(-1)*-10 a multiple of 13?
True
Let z be ((-3)/((-36)/123))/(4/(-16)). Let p = z - -58. Is 3 a factor of p?
False
Let v be 2/3 + (-424)/24. Let i = -16 - v. Is (4 + i)*(5 + -4) even?
False
Suppose m = -5*t + 159, -15*t = -20*t + 25. Is m a multiple of 15?
False
Suppose 0 = -10*d + 8*d + 76. Suppose -d = -r + 31. Is 33 a factor of r?
False
Let j(r) = 17*r**3 + 2*r**2 - 11*r + 36. Does 15 divide j(3)?
True
Let r(k) = 3*k + 6. Let n be r(17). Suppose -2*g + n = -59. Does 13 divide g?
False
Suppose -d + 11 = 7. Suppose d*g + 2*r + 217 = 55, -3*r - 157 = 4*g. Let c = 13 - g. Is 13 a factor of c?
False
Let t(g) = 6*g + 1. Let l be t(-12). Let u = l + 117. Does 10 divide 0 + -3 + u + -3?
True
Let d be 81/(-15) - (-156)/(-260). Let f(m) be the second derivative of m**4/12 - m**3/6 + m**2/2 - m. Does 17 divide f(d)?
False
Let u be ((-84)/8)/((-9)/24). Suppose 4*m + 4 - u = 0. Is (-6)/(3 - m) - -14 a multiple of 15?
False
Does 44 divide ((5 - 0) + -1)/((-6)/(-411))?
False
Let n be 0 - 6/(82/(-78) - -1). Suppose 3*j = -n + 717. Is 35 a factor of j?
False
Suppose -5*u = -3*b + 202 - 697, 4*u + 5*b = 396. Is 14 a factor of u?
False
Let l(n) = -n**2 + 4*n - 1. Let f be l(2). Suppose 0 = -4*z + 5*z - 5. Suppose u - 5*u + z*a = -91, -77 = -f*u - 5*a. Is 6 a factor of u?
True
Let a = 96 + -17. Suppose l = 3*n - 222, 2*n - a = -4*l + 69. Suppose -n = -s + 2*j, -5*s + 607 - 201 = 2*j. Does 20 divide s?
True
Let o(f) = 2*f**3 - 18*f**2 + 23*f + 10. Let n be o(9). Is 22 a factor of (1 - (-7 + 5)) + n?
True
Let n be ((16/3)/(-4))/((-14)/21). Suppose n*d + 0*h = -h + 66, d + 4*h = 26. Is d a multiple of 17?
True
Suppose f - 2*j = 89, 3 = -3*j + 15. Suppose w + 22 = 3*h - 27, -f = -4*h - 5*w. Does 18 divide h?
True
Suppose -2*y = 3*y - 490. Let i be 3*-5*6/(-45). Suppose 4*o = i*o + y. Is 17 a factor of o?
False
Let y = 274 - -320. Suppose 12*v = 990 + y. Is 22 a factor of v?
True
Suppose -18*c = -15*c - 2499. Is 17 a factor of c?
True
Suppose 3*q + 4*u + 7 = 29, -q + 2*u + 4 = 0. Suppose 4*h - n = 196, 3*n + 54 = h - q. Is h a multiple of 6?
True
Let w(t) = 2*t**3 - 25*t**2 - 6*t + 4. Does 50 divide w(17)?
False
Suppose 4*s + 200 = 5*x - 740, 5 = s. Suppose 3*i + i = x. Suppose -2*c + i = -0*c. Is c a multiple of 8?
True
Let r be 5*1 + (-4)/(-2). Is 8 a factor of (-1)/(((-7)/(-2))/r) + 118?
False
Let u(i) be the third derivative of i**9/840 + i**7/5040 - i**6/720 - i**5/60 - 2*i**2. Let f(w) be the third derivative of u(w). Is 36 a factor of f(1)?
True
Let s(g) = 39*g**2 + 2*g - 1. Let h be s(1). Let l = -12 + h. Is l a multiple of 6?
False
Suppose 243 = -7*t + 10*t. Suppose 0 = 5*m + 294 - 79. Let d = t + m. Is 19 a factor of d?
True
Suppose 2*m = 3*y + 26, -6*m + 7*m = 4. Let c(k) = 2*k**2 + 5. Is 10 a factor of c(y)?
False
Suppose 2*n = 52 + 72. Let h = n + -10. Does 34 divide h?
False
Let z = 4 - 4. Suppose -3*t + t + 42 = z. Is t a multiple of 3?
True
Let d be (6/(-8))/((-11)/308). Suppose -18*v - 198 = -d*v. Is v a multiple of 22?
True
Let z(y) = y**3 + 4*y**2 - 12*y + 27. Does 21 divide z(6)?
True
Suppose 4*p = -5*v + 3531, -1224 - 185 = -2*v - 5*p. Does 23 divide v?
False
Suppose 8 = q + q. Suppose -b = -3*p + 103, 112 + 27 = q*p - 3*b. Suppose -146 - p = -4*a - 2*f, 2*a - 3*f = 82. Is 19 a factor of a?
False
Suppose -g = -113 - 383. Suppose g = 4*k - 0*k. Does 43 divide k?
False
Suppose 9841 + 1769 = 15*f. Is 18 a factor of f?
True
Is 3523/52 - (-6)/(-8) a multiple of 9?
False
Suppose -3*n - 292 = -g, 75*g - 5*n = 80*g - 1460. Does 19 divide g?
False
Suppose 2*k = -3*m + 4 + 5, 4*m = -k + 7. Let x be 4/(-2)*(-468)/k. Is 5 a factor of x/16 - 1/(-2)?
True
Suppose u = 933 + 240. Does 17 divide u?
True
Suppose 0*b - 5*b + 100 = 0. Suppose -2*y + 37 = p, -5*y - 17 - b = -p. Suppose 154 - p = 3*m. Is m a multiple of 13?
True
Let s be 3/(-2 + 3 + 0). Suppose -s*u = -49 - 26. Does 25 divide u?
True
Let b(f) = -f - 5. Let l be b(-4). Let m be 3/(5/(-375)*l). Suppose 0*y = -5*s - y + m, 3*s + y - 133 = 0. Is 23 a factor of s?
True
Suppose 0 = 4*d + 3*y - 1216, 2*d - 606 = 5*y - 6*y. Suppose 6*z - 539 = d. Is 16 a factor of z?
False
Let k = -7 - 16. Let h = -14 - k. Suppose 7 = x - h. Is x a multiple of 8?
True
Let z(s) = 2*s - 9. Let w be z(7). Suppose -3*c - x = -550, 4*c - 4*x - 446 = 298. Supp